ivided by 356.
348
What is the remainder when 8874 is divided by 3827?
1220
What is the remainder when 28401 is divided by 4618?
693
Calculate the remainder when 1014340 is divided by 14.
12
What is the remainder when 9237 is divided by 17?
6
What is the remainder when 959 is divided by 105?
14
What is the remainder when 10500 is divided by 58?
2
What is the remainder when 144584 is divided by 595?
594
Calculate the remainder when 130801 is divided by 16348.
17
Calculate the remainder when 102507 is divided by 255.
252
What is the remainder when 2023 is divided by 252?
7
Calculate the remainder when 39671 is divided by 5660.
51
Calculate the remainder when 172994 is divided by 21.
17
Calculate the remainder when 7304 is divided by 7303.
1
What is the remainder when 2750 is divided by 1356?
38
Calculate the remainder when 98464 is divided by 19691.
9
Calculate the remainder when 31830 is divided by 81.
78
Calculate the remainder when 1006 is divided by 320.
46
What is the remainder when 987 is divided by 71?
64
Calculate the remainder when 45024 is divided by 466.
288
What is the remainder when 28025 is divided by 22?
19
What is the remainder when 632 is divided by 144?
56
Calculate the remainder when 4826 is divided by 1033.
694
Calculate the remainder when 40699 is divided by 20349.
1
Calculate the remainder when 2933 is divided by 105.
98
Calculate the remainder when 8573 is divided by 2928.
2717
Calculate the remainder when 96 is divided by 73.
23
Calculate the remainder when 113454 is divided by 67.
23
What is the remainder when 8330 is divided by 239?
204
Calculate the remainder when 2124 is divided by 504.
108
Calculate the remainder when 265474 is divided by 679.
664
Calculate the remainder when 4625 is divided by 655.
40
Calculate the remainder when 13520 is divided by 268.
120
What is the remainder when 66376 is divided by 1358?
1192
Calculate the remainder when 4564 is divided by 53.
6
Calculate the remainder when 13825 is divided by 91.
84
What is the remainder when 108923 is divided by 1910?
53
What is the remainder when 2977 is divided by 1466?
45
Calculate the remainder when 95886 is divided by 47913.
60
What is the remainder when 454 is divided by 13?
12
Calculate the remainder when 11206 is divided by 1866.
10
What is the remainder when 198603 is divided by 767?
717
Calculate the remainder when 9564 is divided by 1056.
60
What is the remainder when 139331 is divided by 69648?
35
Calculate the remainder when 513 is divided by 116.
49
What is the remainder when 1148 is divided by 148?
112
Calculate the remainder when 14237 is divided by 76.
25
Calculate the remainder when 6736 is divided by 250.
236
What is the remainder when 16346 is divided by 197?
192
Calculate the remainder when 39817 is divided by 3.
1
What is the remainder when 3762 is divided by 34?
22
Calculate the remainder when 244607 is divided by 81500.
107
What is the remainder when 317446 is divided by 382?
4
Calculate the remainder when 244 is divided by 121.
2
What is the remainder when 408502 is divided by 255?
247
Calculate the remainder when 6226 is divided by 278.
110
What is the remainder when 21489 is divided by 7085?
234
What is the remainder when 416 is divided by 129?
29
Calculate the remainder when 142848 is divided by 17.
14
What is the remainder when 305279 is divided by 76318?
7
What is the remainder when 57245 is divided by 142?
19
Calculate the remainder when 17637 is divided by 14.
11
Calculate the remainder when 6994 is divided by 149.
140
What is the remainder when 15732 is divided by 779?
152
Calculate the remainder when 1808 is divided by 56.
16
Calculate the remainder when 6932 is divided by 186.
50
What is the remainder when 1661 is divided by 149?
22
Calculate the remainder when 40562 is divided by 164.
54
What is the remainder when 1195702 is divided by 635?
632
What is the remainder when 122203 is divided by 27?
1
Calculate the remainder when 337410 is divided by 978.
0
What is the remainder when 62227 is divided by 14?
11
Calculate the remainder when 80469 is divided by 26797.
78
Calculate the remainder when 22317 is divided by 10.
7
Calculate the remainder when 145324 is divided by 62.
58
What is the remainder when 2959 is divided by 607?
531
What is the remainder when 3315 is divided by 552?
3
What is the remainder when 6166 is divided by 2046?
28
What is the remainder when 109145 is divided by 54542?
61
Calculate the remainder when 11296 is divided by 7.
5
What is the remainder when 15553 is divided by 62?
53
What is the remainder when 33067 is divided by 3228?
787
Calculate the remainder when 1508 is divided by 205.
73
What is the remainder when 4967 is divided by 296?
231
What is the remainder when 12406 is divided by 718?
200
Calculate the remainder when 175034 is divided by 87.
77
Calculate the remainder when 8126 is divided by 2288.
1262
Calculate the remainder when 1082 is divided by 1013.
69
Calculate the remainder when 35739 is divided by 5.
4
What is the remainder when 24001 is divided by 7?
5
What is the remainder when 1039 is divided by 282?
193
What is the remainder when 36636 is divided by 336?
12
What is the remainder when 4668 is divided by 583?
4
Calculate the remainder when 11559 is divided by 1553.
688
What is the remainder when 17213 is divided by 8594?
25
What is the remainder when 1912399 is divided by 350?
349
Calculate the remainder when 85633 is divided by 11.
9
Calculate the remainder when 817274 is divided by 21507.
8
What is the remainder when 3993 is divided by 790?
43
What is the remainder when 760 is divided by 174?
64
Calculate the remainder when 7286 is divided by 40.
6
What is the remainder when 121538 is divided by 97?
94
What is the remainder when 4291 is divided by 1820?
651
Calculate the remainder when 263490 is divided by 84.
66
What is the remainder when 596 is divided by 55?
46
What is the remainder when 122 is divided by 37?
11
What is the remainder when 15644 is divided by 7817?
10
What is the remainder when 42343 is divided by 15?
13
Calculate the remainder when 24807 is divided by 1290.
297
What is the remainder when 427591 is divided by 213774?
43
Calculate the remainder when 205029 is divided by 111.
12
What is the remainder when 639 is divided by 551?
88
What is the remainder when 186999 is divided by 23?
9
Calculate the remainder when 17113 is divided by 7.
5
Calculate the remainder when 4145 is divided by 128.
49
Calculate the remainder when 111509 is divided by 7962.
41
Calculate the remainder when 70356 is divided by 892.
780
Calculate the remainder when 7971 is divided by 470.
451
What is the remainder when 27062 is divided by 5351?
307
Calculate the remainder when 3985 is divided by 265.
10
What is the remainder when 1455328 is divided by 159?
1
What is the remainder when 142460 is divided by 79?
23
What is the remainder when 1682218 is divided by 63?
55
What is the remainder when 25457 is divided by 207?
203
Calculate the remainder when 2482545 is divided by 30.
15
Calculate the remainder when 1866 is divided by 1059.
807
What is the remainder when 1604546 is divided by 14?
6
What is the remainder when 9261 is divided by 549?
477
What is the remainder when 16650 is divided by 120?
90
What is the remainder when 3180 is divided by 2456?
724
What is the remainder when 476959 is divided by 4?
3
Calculate the remainder when 479768 is divided by 239876.
16
Calculate the remainder when 108187 is divided by 74.
73
What is the remainder when 110 is divided by 56?
54
Calculate the remainder when 750 is divided by 76.
66
What is the remainder when 16220 is divided by 42?
8
Calculate the remainder when 1068 is divided by 135.
123
What is the remainder when 1572 is divided by 1299?
273
What is the remainder when 591621 is divided by 19?
18
What is the remainder when 1850 is divided by 28?
2
What is the remainder when 56802 is divided by 1721?
9
What is the remainder when 25485 is divided by 59?
56
Calculate the remainder when 703479 is divided by 933.
930
Calculate the remainder when 167165 is divided by 10.
5
Calculate the remainder when 603 is divided by 50.
3
What is the remainder when 16889 is divided by 498?
455
What is the remainder when 38663 is divided by 4831?
15
Calculate the rema